{"id":61,"date":"2023-02-05T10:25:40","date_gmt":"2023-02-05T10:25:40","guid":{"rendered":"https:\/\/autorealitzacio.com\/?page_id=61"},"modified":"2023-02-05T10:25:40","modified_gmt":"2023-02-05T10:25:40","slug":"linia-unitiva-de-yoga","status":"publish","type":"page","link":"https:\/\/autorealitzacio.com\/?page_id=61","title":{"rendered":"L\u00ednia Unitiva de Yoga."},"content":{"rendered":"\n<figure class=\"wp-block-image size-full is-resized\"><img decoding=\"async\" loading=\"lazy\" src=\"https:\/\/autorealitzacio.com\/wp-content\/uploads\/2023\/02\/cid_9ada76ef-df15-44e3-82ff-3940138089e5-1024x683-1.jpg\" alt=\"\" class=\"wp-image-16\" width=\"471\" height=\"314\" srcset=\"https:\/\/autorealitzacio.com\/wp-content\/uploads\/2023\/02\/cid_9ada76ef-df15-44e3-82ff-3940138089e5-1024x683-1.jpg 1024w, https:\/\/autorealitzacio.com\/wp-content\/uploads\/2023\/02\/cid_9ada76ef-df15-44e3-82ff-3940138089e5-1024x683-1-300x200.jpg 300w, https:\/\/autorealitzacio.com\/wp-content\/uploads\/2023\/02\/cid_9ada76ef-df15-44e3-82ff-3940138089e5-1024x683-1-768x512.jpg 768w, https:\/\/autorealitzacio.com\/wp-content\/uploads\/2023\/02\/cid_9ada76ef-df15-44e3-82ff-3940138089e5-1024x683-1-960x640.jpg 960w\" sizes=\"(max-width: 471px) 100vw, 471px\" \/><\/figure>\n\n\n\n<p>El yoga \u00e9s una metodologia per l\u2019autorealitzaci\u00f3, encara que tamb\u00e9 moltes de les seves pr\u00e0ctiques s\u2019utilitzen per cultivar la tranquil\u00b7litat interior, prevenir malalties i dol\u00e8ncies, per estar en forma f\u00edsica, emocional i mental i per guarir o col\u00b7laborar a guarir algunes patologies. En aquest sentit, cada professor imparteix una forma o l\u00ednia determinada de yoga, en funci\u00f3 del seu aprenentatge, viv\u00e8ncia i objectius.<br>La l\u00ednia de yoga que imparteixo, \u00e9s diu unitiva. Fonamentalment \u00e9s Yoga integral combinat amb t\u00e8cniques de psicologia de l\u2019autorealitzaci\u00f3, advaita vedanta ( no dualisme ) i t\u00e8cniques t\u00e0ntriques.<br>Tot aix\u00f2 es combina a les classes generals de ioga, encara que tamb\u00e9 imparteixo classes exclusives de meditaci\u00f3, yoga nidra, relaxaci\u00f3, tantra-yoga din\u00e0mic, t\u00e8cniques d\u2019autorealitzaci\u00f3.<\/p>\n","protected":false},"excerpt":{"rendered":"<p>El yoga \u00e9s una metodologia per l\u2019autorealitzaci\u00f3, encara que tamb\u00e9 moltes de les seves pr\u00e0ctiques s\u2019utilitzen per cultivar la tranquil\u00b7litat interior, prevenir malalties i dol\u00e8ncies, per estar en forma f\u00edsica, emocional i mental i per guarir o col\u00b7laborar a guarir algunes patologies. En aquest sentit, cada professor imparteix una forma o l\u00ednia determinada de yoga, <a href=\"https:\/\/autorealitzacio.com\/?page_id=61\" class=\"more-link\">...contin\u00faa leyendo<span class=\"screen-reader-text\"> \"L\u00ednia Unitiva de Yoga.\"<\/span><\/a><\/p>\n","protected":false},"author":1,"featured_media":0,"parent":0,"menu_order":0,"comment_status":"closed","ping_status":"closed","template":"","meta":[],"_links":{"self":[{"href":"https:\/\/autorealitzacio.com\/index.php?rest_route=\/wp\/v2\/pages\/61"}],"collection":[{"href":"https:\/\/autorealitzacio.com\/index.php?rest_route=\/wp\/v2\/pages"}],"about":[{"href":"https:\/\/autorealitzacio.com\/index.php?rest_route=\/wp\/v2\/types\/page"}],"author":[{"embeddable":true,"href":"https:\/\/autorealitzacio.com\/index.php?rest_route=\/wp\/v2\/users\/1"}],"replies":[{"embeddable":true,"href":"https:\/\/autorealitzacio.com\/index.php?rest_route=%2Fwp%2Fv2%2Fcomments&post=61"}],"version-history":[{"count":1,"href":"https:\/\/autorealitzacio.com\/index.php?rest_route=\/wp\/v2\/pages\/61\/revisions"}],"predecessor-version":[{"id":62,"href":"https:\/\/autorealitzacio.com\/index.php?rest_route=\/wp\/v2\/pages\/61\/revisions\/62"}],"wp:attachment":[{"href":"https:\/\/autorealitzacio.com\/index.php?rest_route=%2Fwp%2Fv2%2Fmedia&parent=61"}],"curies":[{"name":"wp","href":"https:\/\/api.w.org\/{rel}","templated":true}]}}