{"id":46,"date":"2023-02-03T21:51:02","date_gmt":"2023-02-03T21:51:02","guid":{"rendered":"https:\/\/autorealitzacio.com\/?page_id=46"},"modified":"2023-02-03T21:55:07","modified_gmt":"2023-02-03T21:55:07","slug":"inicio","status":"publish","type":"page","link":"https:\/\/autorealitzacio.com\/","title":{"rendered":"Yoga"},"content":{"rendered":"\n<p><a href=\"http:\/\/www.apayi.com\/\">L'autorealitzaci\u00f3 <\/a>&nbsp;parteix de que la base d'existir com\u00fa a tothom i a tots els \u00e9ssers \u00e9s la plenitud, l\u2019amor o les ganes de viure pel simple fet de ser.<br>Per tota un s\u00e8rie de processos existencials la persona no viu o no reconeix la seva pr\u00f2pia plenitud natural de ser, i aix\u00f2 implica que sempre hi ha algun patiment o alguna incomoditat de vida, ja sigui latent o molt manifestat.<\/p>\n\n\n\n<p>Aquesta plenitud en la majoria dels casos queda encoberta, i davant de la incomoditat existencial la persona busca la plenitud que enyora i que intueix a trav\u00e9s d\u2019adquirir coses, experi\u00e8ncies, relacions o estats, aix\u00f2 nom\u00e9s provoca instants o temporades transit\u00f2ries de plenitud. Alguns van tenint una vida mitjanament compensada i en d\u2019altres el patiment de vida \u00e9s m\u00e9s evident.<\/p>\n\n\n\n<p>En altres casos poden succeir uns processos personals de realitzaci\u00f3 en que la persona veu el car\u00e0cter il\u00b7lusori i transitori de tota experi\u00e8ncia i estat i va reconeixent que \u00e9s ella la pr\u00f2pia pau i plenitud, per\u00f2 no com a individu ja que per evid\u00e8ncia va desapareixent l\u2019autoria d\u2019un jo personal, sin\u00f3 com una totalitat de ser sempre present i de infinita consci\u00e8ncia.<\/p>\n","protected":false},"excerpt":{"rendered":"<p>L'autorealitzaci\u00f3 &nbsp;parteix de que la base d'existir com\u00fa a tothom i a tots els \u00e9ssers \u00e9s la plenitud, l\u2019amor o les ganes de viure pel simple fet de ser.Per tota un s\u00e8rie de processos existencials la persona no viu o no reconeix la seva pr\u00f2pia plenitud natural de ser, i aix\u00f2 implica que sempre hi <a href=\"https:\/\/autorealitzacio.com\/\" class=\"more-link\">...contin\u00faa leyendo<span class=\"screen-reader-text\"> \"Yoga\"<\/span><\/a><\/p>\n","protected":false},"author":1,"featured_media":0,"parent":0,"menu_order":0,"comment_status":"closed","ping_status":"closed","template":"","meta":[],"_links":{"self":[{"href":"https:\/\/autorealitzacio.com\/index.php?rest_route=\/wp\/v2\/pages\/46"}],"collection":[{"href":"https:\/\/autorealitzacio.com\/index.php?rest_route=\/wp\/v2\/pages"}],"about":[{"href":"https:\/\/autorealitzacio.com\/index.php?rest_route=\/wp\/v2\/types\/page"}],"author":[{"embeddable":true,"href":"https:\/\/autorealitzacio.com\/index.php?rest_route=\/wp\/v2\/users\/1"}],"replies":[{"embeddable":true,"href":"https:\/\/autorealitzacio.com\/index.php?rest_route=%2Fwp%2Fv2%2Fcomments&post=46"}],"version-history":[{"count":4,"href":"https:\/\/autorealitzacio.com\/index.php?rest_route=\/wp\/v2\/pages\/46\/revisions"}],"predecessor-version":[{"id":53,"href":"https:\/\/autorealitzacio.com\/index.php?rest_route=\/wp\/v2\/pages\/46\/revisions\/53"}],"wp:attachment":[{"href":"https:\/\/autorealitzacio.com\/index.php?rest_route=%2Fwp%2Fv2%2Fmedia&parent=46"}],"curies":[{"name":"wp","href":"https:\/\/api.w.org\/{rel}","templated":true}]}}